CRAN Package Check Results for Package MixedPoisson

Last updated on 2025-07-20 08:49:43 CEST.

Flavor Version Tinstall Tcheck Ttotal Status Flags
r-devel-linux-x86_64-debian-clang 2.0 3.63 46.43 50.06 NOTE
r-devel-linux-x86_64-debian-gcc 2.0 3.11 32.01 35.12 NOTE
r-devel-linux-x86_64-fedora-clang 2.0 82.54 OK
r-devel-linux-x86_64-fedora-gcc 2.0 75.13 OK
r-devel-windows-x86_64 2.0 5.00 60.00 65.00 OK
r-patched-linux-x86_64 2.0 4.24 43.27 47.51 OK
r-release-linux-x86_64 2.0 3.68 42.81 46.49 OK
r-release-macos-arm64 2.0 24.00 OK
r-release-macos-x86_64 2.0 61.00 OK
r-release-windows-x86_64 2.0 5.00 59.00 64.00 OK
r-oldrel-macos-arm64 2.0 24.00 OK
r-oldrel-macos-x86_64 2.0 37.00 OK
r-oldrel-windows-x86_64 2.0 6.00 75.00 81.00 OK

Check Details

Version: 2.0
Check: CRAN incoming feasibility
Result: NOTE Maintainer: ‘Alicja Wolny-Dominiak <alicja.wolny-dominiak@ue.katowice.pl>’ No Authors@R field in DESCRIPTION. Please add one, modifying Authors@R: c(person(given = "Alicja", family = "Wolny-Dominiak", role = c("aut", "cre"), email = "alicja.wolny-dominiak@ue.katowice.pl"), person(given = "Michal", family = "Trzesiok", role = "aut")) as necessary. Flavors: r-devel-linux-x86_64-debian-clang, r-devel-linux-x86_64-debian-gcc