Last updated on 2025-07-20 08:49:43 CEST.
Flavor | Version | Tinstall | Tcheck | Ttotal | Status | Flags |
---|---|---|---|---|---|---|
r-devel-linux-x86_64-debian-clang | 2.1.0 | 11.37 | 83.77 | 95.14 | OK | |
r-devel-linux-x86_64-debian-gcc | 2.1.0 | 7.64 | 59.08 | 66.72 | OK | |
r-devel-linux-x86_64-fedora-clang | 2.1.0 | 145.62 | OK | |||
r-devel-linux-x86_64-fedora-gcc | 2.1.0 | 138.04 | OK | |||
r-devel-windows-x86_64 | 2.1.0 | 11.00 | 87.00 | 98.00 | OK | |
r-patched-linux-x86_64 | 2.1.0 | 10.27 | 77.71 | 87.98 | OK | |
r-release-linux-x86_64 | 2.1.0 | 10.37 | 77.70 | 88.07 | OK | |
r-release-macos-arm64 | 2.1.0 | 58.00 | OK | |||
r-release-macos-x86_64 | 2.1.0 | 76.00 | OK | |||
r-release-windows-x86_64 | 2.1.0 | 11.00 | 83.00 | 94.00 | OK | |
r-oldrel-macos-arm64 | 2.1.0 | 38.00 | NOTE | |||
r-oldrel-macos-x86_64 | 2.1.0 | 66.00 | NOTE | |||
r-oldrel-windows-x86_64 | 2.1.0 | 15.00 | 107.00 | 122.00 | NOTE |
Version: 2.1.0
Check: LazyData
Result: NOTE
'LazyData' is specified without a 'data' directory
Flavors: r-oldrel-macos-arm64, r-oldrel-macos-x86_64, r-oldrel-windows-x86_64