Last updated on 2025-07-20 08:49:43 CEST.
Flavor | Version | Tinstall | Tcheck | Ttotal | Status | Flags |
---|---|---|---|---|---|---|
r-devel-linux-x86_64-debian-clang | 0.1.0 | 23.71 | 155.15 | 178.86 | NOTE | |
r-devel-linux-x86_64-debian-gcc | 0.1.0 | 17.00 | 111.26 | 128.26 | NOTE | |
r-devel-linux-x86_64-fedora-clang | 0.1.0 | 282.86 | OK | |||
r-devel-linux-x86_64-fedora-gcc | 0.1.0 | 268.11 | OK | |||
r-devel-windows-x86_64 | 0.1.0 | 25.00 | 149.00 | 174.00 | OK | |
r-patched-linux-x86_64 | 0.1.0 | 20.89 | 145.88 | 166.77 | OK | |
r-release-linux-x86_64 | 0.1.0 | 19.56 | 147.47 | 167.03 | OK | |
r-release-macos-arm64 | 0.1.0 | 68.00 | OK | |||
r-release-macos-x86_64 | 0.1.0 | 139.00 | OK | |||
r-release-windows-x86_64 | 0.1.0 | 27.00 | 147.00 | 174.00 | OK | |
r-oldrel-macos-arm64 | 0.1.0 | 67.00 | OK | |||
r-oldrel-macos-x86_64 | 0.1.0 | 102.00 | OK | |||
r-oldrel-windows-x86_64 | 0.1.0 | 35.00 | 191.00 | 226.00 | OK |
Version: 0.1.0
Check: CRAN incoming feasibility
Result: NOTE
Maintainer: ‘Alexander Volkmann <alexander.volkmann@hu-berlin.de>’
The Description field contains
Implementation for Volkmann, Umlauf, Greven (2023) <arXiv:2311.06409>.
Please refer to arXiv e-prints via their arXiv DOI <doi:10.48550/arXiv.YYMM.NNNNN>.
Flavors: r-devel-linux-x86_64-debian-clang, r-devel-linux-x86_64-debian-gcc