Last updated on 2025-07-20 08:49:42 CEST.
Flavor | Version | Tinstall | Tcheck | Ttotal | Status | Flags |
---|---|---|---|---|---|---|
r-devel-linux-x86_64-debian-clang | 1.2.4 | 10.24 | 100.24 | 110.48 | NOTE | |
r-devel-linux-x86_64-debian-gcc | 1.2.4 | 9.05 | 70.65 | 79.70 | NOTE | |
r-devel-linux-x86_64-fedora-clang | 1.2.4 | 189.04 | OK | |||
r-devel-linux-x86_64-fedora-gcc | 1.2.4 | 163.98 | OK | |||
r-devel-windows-x86_64 | 1.2.4 | 12.00 | 114.00 | 126.00 | OK | |
r-patched-linux-x86_64 | 1.2.4 | 11.55 | 94.27 | 105.82 | OK | |
r-release-linux-x86_64 | 1.2.4 | 9.11 | 94.70 | 103.81 | OK | |
r-release-macos-arm64 | 1.2.4 | 72.00 | OK | |||
r-release-macos-x86_64 | 1.2.4 | 89.00 | OK | |||
r-release-windows-x86_64 | 1.2.4 | 11.00 | 111.00 | 122.00 | OK | |
r-oldrel-macos-arm64 | 1.2.4 | 46.00 | OK | |||
r-oldrel-macos-x86_64 | 1.2.4 | 80.00 | OK | |||
r-oldrel-windows-x86_64 | 1.2.4 | 17.00 | 142.00 | 159.00 | OK |
Version: 1.2.4
Check: CRAN incoming feasibility
Result: NOTE
Maintainer: ‘Mikhail V. Matz <matz@utexas.edu>’
No Authors@R field in DESCRIPTION.
Please add one, modifying
Authors@R: person(given = c("Mikhail", "V."),
family = "Matz",
role = c("aut", "cre"),
email = "matz@utexas.edu")
as necessary.
Flavors: r-devel-linux-x86_64-debian-clang, r-devel-linux-x86_64-debian-gcc