CRAN Package Check Results for Package MCDA

Last updated on 2025-07-20 08:49:42 CEST.

Flavor Version Tinstall Tcheck Ttotal Status Flags
r-devel-linux-x86_64-debian-clang 0.1.0 18.03 142.13 160.16 NOTE
r-devel-linux-x86_64-debian-gcc 0.1.0 12.15 90.34 102.49 NOTE
r-devel-linux-x86_64-fedora-clang 0.1.0 264.87 OK
r-devel-linux-x86_64-fedora-gcc 0.1.0 247.69 OK
r-devel-windows-x86_64 0.1.0 18.00 142.00 160.00 OK
r-patched-linux-x86_64 0.1.0 17.78 131.21 148.99 OK
r-release-linux-x86_64 0.1.0 14.64 132.24 146.88 OK
r-release-macos-arm64 0.1.0 87.00 OK
r-release-macos-x86_64 0.1.0 119.00 OK
r-release-windows-x86_64 0.1.0 18.00 140.00 158.00 OK
r-oldrel-macos-arm64 0.1.0 61.00 OK
r-oldrel-macos-x86_64 0.1.0 119.00 OK
r-oldrel-windows-x86_64 0.1.0 25.00 183.00 208.00 OK

Check Details

Version: 0.1.0
Check: CRAN incoming feasibility
Result: NOTE Maintainer: ‘David Palma <d.palma@leeds.ac.uk>’ No Authors@R field in DESCRIPTION. Please add one, modifying Authors@R: c(person(given = "Patrick", family = "Meyer", role = "aut"), person(given = "Sébastien", family = "Bigaret", role = "aut"), person(given = "Richard", family = "Hodgett", role = "aut"), person(given = "Alexandru-Liviu", family = "Olteanu", role = "aut"), person(given = "David", family = "Palma", role = c("aut", "cre"), email = "d.palma@leeds.ac.uk"), person(given = c("Aritad", "Alan"), family = "Choicharoon", role = "aut")) as necessary. Flavors: r-devel-linux-x86_64-debian-clang, r-devel-linux-x86_64-debian-gcc