CRAN Package Check Results for Package KOFM

Last updated on 2025-07-20 08:49:40 CEST.

Flavor Version Tinstall Tcheck Ttotal Status Flags
r-devel-linux-x86_64-debian-clang 0.1.1 7.35 94.98 102.33 OK
r-devel-linux-x86_64-debian-gcc 0.1.1 5.40 69.74 75.14 OK
r-devel-linux-x86_64-fedora-clang 0.1.1 151.63 OK
r-devel-linux-x86_64-fedora-gcc 0.1.1 165.95 OK
r-devel-windows-x86_64 0.1.1 8.00 91.00 99.00 ERROR
r-patched-linux-x86_64 0.1.1 7.28 94.59 101.87 OK
r-release-linux-x86_64 0.1.1 7.03 94.22 101.25 OK
r-release-macos-arm64 0.1.1 73.00 OK
r-release-macos-x86_64 0.1.1 105.00 OK
r-release-windows-x86_64 0.1.1 8.00 96.00 104.00 ERROR
r-oldrel-macos-arm64 0.1.1 61.00 OK
r-oldrel-macos-x86_64 0.1.1 187.00 OK
r-oldrel-windows-x86_64 0.1.1 10.00 116.00 126.00 ERROR

Check Details

Version: 0.1.1
Check: re-building of vignette outputs
Result: ERROR Error(s) in re-building vignettes: --- re-building 'A-short-introduction-to-KOFM.Rmd' using rmarkdown Quitting from A-short-introduction-to-KOFM.Rmd:172-179 [unnamed-chunk-15] ~~~~~~~~~~~~~~~~~~~~~~~~~~~~~~~~~~~~~~~~~~~~~~~~~~~~~~~~~~~~~~~~~~~~~~~~~~~~~~~~ <error/rlang_error> Error in `svd()`: ! infinite or missing values in 'x' --- Backtrace: ▆ 1. └─KOFM::testKron_auto(...) 2. └─base::svd(...) ~~~~~~~~~~~~~~~~~~~~~~~~~~~~~~~~~~~~~~~~~~~~~~~~~~~~~~~~~~~~~~~~~~~~~~~~~~~~~~~~ Error: processing vignette 'A-short-introduction-to-KOFM.Rmd' failed with diagnostics: infinite or missing values in 'x' --- failed re-building 'A-short-introduction-to-KOFM.Rmd' SUMMARY: processing the following file failed: 'A-short-introduction-to-KOFM.Rmd' Error: Vignette re-building failed. Execution halted Flavors: r-devel-windows-x86_64, r-oldrel-windows-x86_64

Version: 0.1.1
Check: re-building of vignette outputs
Result: ERROR Error(s) in re-building vignettes: --- re-building 'A-short-introduction-to-KOFM.Rmd' using rmarkdown Quitting from A-short-introduction-to-KOFM.Rmd:181-188 [unnamed-chunk-16] ~~~~~~~~~~~~~~~~~~~~~~~~~~~~~~~~~~~~~~~~~~~~~~~~~~~~~~~~~~~~~~~~~~~~~~~~~~~~~~~~ <error/rlang_error> Error in `svd()`: ! infinite or missing values in 'x' --- Backtrace: ▆ 1. └─KOFM::testKron_auto(...) 2. └─base::svd(...) ~~~~~~~~~~~~~~~~~~~~~~~~~~~~~~~~~~~~~~~~~~~~~~~~~~~~~~~~~~~~~~~~~~~~~~~~~~~~~~~~ Error: processing vignette 'A-short-introduction-to-KOFM.Rmd' failed with diagnostics: infinite or missing values in 'x' --- failed re-building 'A-short-introduction-to-KOFM.Rmd' SUMMARY: processing the following file failed: 'A-short-introduction-to-KOFM.Rmd' Error: Vignette re-building failed. Execution halted Flavor: r-release-windows-x86_64