CRAN Package Check Results for Package GPCERF

Last updated on 2025-07-20 08:49:38 CEST.

Flavor Version Tinstall Tcheck Ttotal Status Flags
r-devel-linux-x86_64-debian-clang 0.2.4 29.33 423.86 453.19 NOTE
r-devel-linux-x86_64-debian-gcc 0.2.4 19.37 257.14 276.51 NOTE
r-devel-linux-x86_64-fedora-clang 0.2.4 659.87 OK
r-devel-linux-x86_64-fedora-gcc 0.2.4 580.41 OK
r-devel-windows-x86_64 0.2.4 35.00 467.00 502.00 OK
r-patched-linux-x86_64 0.2.4 28.42 337.62 366.04 OK
r-release-linux-x86_64 0.2.4 28.68 343.08 371.76 OK
r-release-macos-arm64 0.2.4 261.00 OK
r-release-macos-x86_64 0.2.4 440.00 OK
r-release-windows-x86_64 0.2.4 32.00 466.00 498.00 OK
r-oldrel-macos-arm64 0.2.4 201.00 OK
r-oldrel-macos-x86_64 0.2.4 397.00 OK
r-oldrel-windows-x86_64 0.2.4 40.00 642.00 682.00 OK

Check Details

Version: 0.2.4
Check: DESCRIPTION meta-information
Result: NOTE Author field differs from that derived from Authors@R Author: ‘Naeem Khoshnevis [aut] (<https://orcid.org/0000-0003-4315-1426>, HUIT), Boyu Ren [aut, cre] (<https://orcid.org/0000-0002-5300-1184>, McLean Hospital), Tanujit Dey [ctb] (<https://orcid.org/0000-0001-5559-211X>, HMS), Danielle Braun [aut] (<https://orcid.org/0000-0002-5177-8598>, HSPH)’ Authors@R: ‘Naeem Khoshnevis [aut] (ORCID: <https://orcid.org/0000-0003-4315-1426>, AFFILIATION: HUIT), Boyu Ren [aut, cre] (ORCID: <https://orcid.org/0000-0002-5300-1184>, AFFILIATION: McLean Hospital), Tanujit Dey [ctb] (ORCID: <https://orcid.org/0000-0001-5559-211X>, AFFILIATION: HMS), Danielle Braun [aut] (ORCID: <https://orcid.org/0000-0002-5177-8598>, AFFILIATION: HSPH)’ Flavors: r-devel-linux-x86_64-debian-clang, r-devel-linux-x86_64-debian-gcc