Last updated on 2025-07-20 08:49:37 CEST.
Flavor | Version | Tinstall | Tcheck | Ttotal | Status | Flags |
---|---|---|---|---|---|---|
r-devel-linux-x86_64-debian-clang | 0.3 | 15.34 | 138.60 | 153.94 | NOTE | |
r-devel-linux-x86_64-debian-gcc | 0.3 | 10.29 | 93.19 | 103.48 | NOTE | |
r-devel-linux-x86_64-fedora-clang | 0.3 | 248.99 | OK | |||
r-devel-linux-x86_64-fedora-gcc | 0.3 | 246.66 | OK | |||
r-devel-windows-x86_64 | 0.3 | 16.00 | 175.00 | 191.00 | OK | |
r-patched-linux-x86_64 | 0.3 | 16.14 | 131.65 | 147.79 | OK | |
r-release-linux-x86_64 | 0.3 | 14.71 | 130.77 | 145.48 | OK | |
r-release-macos-arm64 | 0.3 | 69.00 | OK | |||
r-release-macos-x86_64 | 0.3 | 193.00 | OK | |||
r-release-windows-x86_64 | 0.3 | 16.00 | 175.00 | 191.00 | OK | |
r-oldrel-macos-arm64 | 0.3 | 89.00 | OK | |||
r-oldrel-macos-x86_64 | 0.3 | 204.00 | OK | |||
r-oldrel-windows-x86_64 | 0.3 | 17.00 | 207.00 | 224.00 | OK |
Version: 0.3
Check: CRAN incoming feasibility
Result: NOTE
Maintainer: ‘Redina Berkachy <redina.berkachy@hefr.ch>’
No Authors@R field in DESCRIPTION.
Please add one, modifying
Authors@R: c(person(given = "Redina",
family = "Berkachy",
role = c("aut", "cre"),
email = "redina.berkachy@unifr.ch"),
person(given = "Laurent",
family = "Donze",
role = "aut",
email = "laurent.donze@unifr.ch"))
as necessary.
Flavors: r-devel-linux-x86_64-debian-clang, r-devel-linux-x86_64-debian-gcc