Last updated on 2025-07-20 08:49:37 CEST.
Flavor | Version | Tinstall | Tcheck | Ttotal | Status | Flags |
---|---|---|---|---|---|---|
r-devel-linux-x86_64-debian-clang | 0.2.2 | 8.62 | 76.54 | 85.16 | NOTE | |
r-devel-linux-x86_64-debian-gcc | 0.2.2 | 6.78 | 58.46 | 65.24 | NOTE | |
r-devel-linux-x86_64-fedora-clang | 0.2.2 | 134.96 | OK | |||
r-devel-linux-x86_64-fedora-gcc | 0.2.2 | 136.45 | OK | |||
r-devel-windows-x86_64 | 0.2.2 | 11.00 | 80.00 | 91.00 | OK | |
r-patched-linux-x86_64 | 0.2.2 | 9.54 | 74.05 | 83.59 | OK | |
r-release-linux-x86_64 | 0.2.2 | 7.82 | 73.20 | 81.02 | OK | |
r-release-macos-arm64 | 0.2.2 | 45.00 | OK | |||
r-release-macos-x86_64 | 0.2.2 | 81.00 | OK | |||
r-release-windows-x86_64 | 0.2.2 | 10.00 | 78.00 | 88.00 | OK | |
r-oldrel-macos-arm64 | 0.2.2 | 37.00 | OK | |||
r-oldrel-macos-x86_64 | 0.2.2 | 59.00 | OK | |||
r-oldrel-windows-x86_64 | 0.2.2 | 12.00 | 100.00 | 112.00 | OK |
Version: 0.2.2
Check: CRAN incoming feasibility
Result: NOTE
Maintainer: ‘Zhicheng Du <dgdzc@hotmail.com>’
No Authors@R field in DESCRIPTION.
Please add one, modifying
Authors@R: c(person(given = "Zhicheng",
family = "Du",
role = c("aut", "cre"),
email = "dgdzc@hotmail.com"),
person(given = "Yuantao",
family = "Hao",
role = "aut"))
as necessary.
Flavors: r-devel-linux-x86_64-debian-clang, r-devel-linux-x86_64-debian-gcc