Last updated on 2025-07-20 08:49:36 CEST.
Flavor | Version | Tinstall | Tcheck | Ttotal | Status | Flags |
---|---|---|---|---|---|---|
r-devel-linux-x86_64-debian-clang | 0.1.0 | 13.32 | 104.13 | 117.45 | OK | |
r-devel-linux-x86_64-debian-gcc | 0.1.0 | 8.91 | 75.58 | 84.49 | OK | |
r-devel-linux-x86_64-fedora-clang | 0.1.0 | 185.50 | NOTE | |||
r-devel-linux-x86_64-fedora-gcc | 0.1.0 | 169.23 | NOTE | |||
r-devel-windows-x86_64 | 0.1.0 | 14.00 | 103.00 | 117.00 | OK | |
r-patched-linux-x86_64 | 0.1.0 | 11.42 | 97.07 | 108.49 | OK | |
r-release-linux-x86_64 | 0.1.0 | 12.54 | 96.29 | 108.83 | OK | |
r-release-macos-arm64 | 0.1.0 | 43.00 | OK | |||
r-release-macos-x86_64 | 0.1.0 | 89.00 | OK | |||
r-release-windows-x86_64 | 0.1.0 | 13.00 | 102.00 | 115.00 | OK | |
r-oldrel-macos-arm64 | 0.1.0 | 47.00 | OK | |||
r-oldrel-macos-x86_64 | 0.1.0 | 86.00 | OK | |||
r-oldrel-windows-x86_64 | 0.1.0 | 18.00 | 131.00 | 149.00 | OK |
Version: 0.1.0
Check: dependencies in R code
Result: NOTE
Namespaces in Imports field not imported from:
‘reticulate’ ‘tensorflow’
All declared Imports should be used.
Flavors: r-devel-linux-x86_64-fedora-clang, r-devel-linux-x86_64-fedora-gcc