Last updated on 2025-07-20 08:49:36 CEST.
Flavor | Version | Tinstall | Tcheck | Ttotal | Status | Flags |
---|---|---|---|---|---|---|
r-devel-linux-x86_64-debian-clang | 0.1.1 | 44.31 | 127.27 | 171.58 | NOTE | |
r-devel-linux-x86_64-debian-gcc | 0.1.1 | 31.15 | 118.07 | 149.22 | NOTE | |
r-devel-linux-x86_64-fedora-clang | 0.1.1 | 291.70 | NOTE | |||
r-devel-linux-x86_64-fedora-gcc | 0.1.1 | 307.18 | NOTE | |||
r-devel-windows-x86_64 | 0.1.1 | 51.00 | 185.00 | 236.00 | NOTE | |
r-patched-linux-x86_64 | 0.1.1 | 43.92 | 173.94 | 217.86 | NOTE | |
r-release-linux-x86_64 | 0.1.1 | 42.79 | 176.19 | 218.98 | NOTE | |
r-release-macos-arm64 | 0.1.1 | 172.00 | NOTE | |||
r-release-macos-x86_64 | 0.1.1 | 254.00 | NOTE | |||
r-release-windows-x86_64 | 0.1.1 | 52.00 | 182.00 | 234.00 | NOTE | |
r-oldrel-macos-arm64 | 0.1.1 | 122.00 | NOTE | |||
r-oldrel-macos-x86_64 | 0.1.1 | 173.00 | NOTE | |||
r-oldrel-windows-x86_64 | 0.1.1 | 63.00 | 250.00 | 313.00 | NOTE |
Version: 0.1.1
Check: CRAN incoming feasibility
Result: NOTE
Maintainer: ‘Gentry White <gentry.white@qut.edu.au>’
The Description field contains
in G. White, D. Sun, P. Speckman (2019) <arXiv:1906.05575>. The basic
Please refer to arXiv e-prints via their arXiv DOI <doi:10.48550/arXiv.YYMM.NNNNN>.
Flavors: r-devel-linux-x86_64-debian-clang, r-devel-linux-x86_64-debian-gcc
Version: 0.1.1
Check: C++ specification
Result: NOTE
Specified C++11: please drop specification unless essential
Flavors: r-devel-linux-x86_64-debian-clang, r-devel-linux-x86_64-debian-gcc, r-devel-linux-x86_64-fedora-clang, r-devel-linux-x86_64-fedora-gcc, r-devel-windows-x86_64, r-patched-linux-x86_64, r-release-linux-x86_64, r-release-macos-arm64, r-release-macos-x86_64, r-release-windows-x86_64, r-oldrel-macos-arm64, r-oldrel-macos-x86_64, r-oldrel-windows-x86_64