Last updated on 2025-07-20 08:49:35 CEST.
Flavor | Version | Tinstall | Tcheck | Ttotal | Status | Flags |
---|---|---|---|---|---|---|
r-devel-linux-x86_64-debian-clang | 1.0-2 | 7.07 | 138.60 | 145.67 | OK | |
r-devel-linux-x86_64-debian-gcc | 1.0-2 | 6.33 | 101.24 | 107.57 | OK | |
r-devel-linux-x86_64-fedora-clang | 1.0-2 | 223.22 | OK | |||
r-devel-linux-x86_64-fedora-gcc | 1.0-2 | 251.73 | OK | |||
r-devel-windows-x86_64 | 1.0-2 | 10.00 | 109.00 | 119.00 | OK | --no-vignettes |
r-patched-linux-x86_64 | 1.0-2 | 7.57 | 132.24 | 139.81 | OK | |
r-release-linux-x86_64 | 1.0-2 | 6.99 | 130.55 | 137.54 | OK | |
r-release-macos-arm64 | 1.0-2 | 153.00 | OK | |||
r-release-macos-x86_64 | 1.0-2 | 335.00 | OK | |||
r-release-windows-x86_64 | 1.0-2 | 10.00 | 109.00 | 119.00 | OK | --no-vignettes |
r-oldrel-macos-arm64 | 1.0-2 | 163.00 | NOTE | |||
r-oldrel-macos-x86_64 | 1.0-2 | 361.00 | NOTE | |||
r-oldrel-windows-x86_64 | 1.0-2 | 12.00 | 117.00 | 129.00 | OK | --no-vignettes |
Version: 1.0-2
Check: package dependencies
Result: NOTE
Package suggested but not available for checking: ‘INLA’
Flavors: r-oldrel-macos-arm64, r-oldrel-macos-x86_64