Last updated on 2025-07-20 08:49:34 CEST.
Flavor | Version | Tinstall | Tcheck | Ttotal | Status | Flags |
---|---|---|---|---|---|---|
r-devel-linux-x86_64-debian-clang | 0.1.0 | 6.99 | 57.02 | 64.01 | NOTE | |
r-devel-linux-x86_64-debian-gcc | 0.1.0 | 5.44 | 41.70 | 47.14 | NOTE | |
r-devel-linux-x86_64-fedora-clang | 0.1.0 | 103.99 | OK | |||
r-devel-linux-x86_64-fedora-gcc | 0.1.0 | 91.98 | OK | |||
r-devel-windows-x86_64 | 0.1.0 | 10.00 | 69.00 | 79.00 | NOTE | |
r-patched-linux-x86_64 | 0.1.0 | 7.80 | 52.37 | 60.17 | NOTE | |
r-release-linux-x86_64 | 0.1.0 | 7.92 | 51.32 | 59.24 | NOTE | |
r-release-macos-arm64 | 0.1.0 | 31.00 | OK | |||
r-release-macos-x86_64 | 0.1.0 | 70.00 | OK | |||
r-release-windows-x86_64 | 0.1.0 | 10.00 | 68.00 | 78.00 | NOTE | |
r-oldrel-macos-arm64 | 0.1.0 | 31.00 | OK | |||
r-oldrel-macos-x86_64 | 0.1.0 | 42.00 | OK | |||
r-oldrel-windows-x86_64 | 0.1.0 | 13.00 | 85.00 | 98.00 | OK |
Version: 0.1.0
Check: CRAN incoming feasibility
Result: NOTE
Maintainer: ‘Jiajing Zheng <carolinez6850@gmail.com>’
The Description field contains
Inference with Unobserved Confounding <arXiv:2102.09412>, with Gaussian
Please refer to arXiv e-prints via their arXiv DOI <doi:10.48550/arXiv.YYMM.NNNNN>.
Flavors: r-devel-linux-x86_64-debian-clang, r-devel-linux-x86_64-debian-gcc
Version: 0.1.0
Check: Rd cross-references
Result: NOTE
Found the following Rd file(s) with Rd \link{} targets missing package
anchors:
bcalibrate.Rd: kEstimate, pca
cal_rv.Rd: kEstimate, pca
gcalibrate.Rd: kEstimate, pca
plot_estimates.Rd: theme
Please provide package anchors for all Rd \link{} targets not in the
package itself and the base packages.
Flavors: r-devel-linux-x86_64-debian-clang, r-devel-linux-x86_64-debian-gcc, r-devel-windows-x86_64, r-patched-linux-x86_64, r-release-linux-x86_64, r-release-windows-x86_64