CRAN Package Check Results for Package CompareMultipleModels

Last updated on 2025-07-20 08:49:34 CEST.

Flavor Version Tinstall Tcheck Ttotal Status Flags
r-devel-linux-x86_64-debian-clang 0.1.0 19.14 142.73 161.87 OK
r-devel-linux-x86_64-debian-gcc 0.1.0 13.96 104.78 118.74 OK
r-devel-linux-x86_64-fedora-clang 0.1.0 236.52 OK
r-devel-linux-x86_64-fedora-gcc 0.1.0 226.62 OK
r-devel-windows-x86_64 0.1.0 18.00 129.00 147.00 OK
r-patched-linux-x86_64 0.1.0 16.49 136.96 153.45 OK
r-release-linux-x86_64 0.1.0 14.44 131.89 146.33 OK
r-release-macos-arm64 0.1.0 62.00 OK
r-release-macos-x86_64 0.1.0 123.00 ERROR
r-release-windows-x86_64 0.1.0 18.00 129.00 147.00 OK
r-oldrel-macos-arm64 0.1.0 70.00 OK
r-oldrel-macos-x86_64 0.1.0 165.00 ERROR
r-oldrel-windows-x86_64 0.1.0 24.00 164.00 188.00 OK

Check Details

Version: 0.1.0
Check: examples
Result: ERROR Running examples in ‘CompareMultipleModels-Ex.R’ failed The error most likely occurred in: > ### Name: best_model_finder > ### Title: Finding the Best Model Using Eight Metrics Values > ### Aliases: best_model_finder > > ### ** Examples > > set.seed(123) # for reproducibility > Y <- rnorm(100, 100, 10) > model_1 <-CEEMDANML::carigaan(Y, ratio = 0.8, n_lag = 4) Error in optim(init[mask], armafn, method = optim.method, hessian = TRUE, : non-finite finite-difference value [1] Calls: <Anonymous> -> arima -> optim Execution halted Flavors: r-release-macos-x86_64, r-oldrel-macos-x86_64