Last updated on 2025-07-20 08:49:35 CEST.
Flavor | Version | Tinstall | Tcheck | Ttotal | Status | Flags |
---|---|---|---|---|---|---|
r-devel-linux-x86_64-debian-clang | 0.3.2 | 16.45 | 312.32 | 328.77 | NOTE | |
r-devel-linux-x86_64-debian-gcc | 0.3.2 | 11.28 | 248.67 | 259.95 | NOTE | |
r-devel-linux-x86_64-fedora-clang | 0.3.2 | 243.63 | NOTE | |||
r-devel-linux-x86_64-fedora-gcc | 0.3.2 | 238.14 | NOTE | |||
r-devel-windows-x86_64 | 0.3.2 | 18.00 | 305.00 | 323.00 | NOTE | |
r-patched-linux-x86_64 | 0.3.2 | 16.23 | 317.78 | 334.01 | NOTE | |
r-release-linux-x86_64 | 0.3.2 | 15.44 | 320.33 | 335.77 | NOTE | |
r-release-macos-arm64 | 0.3.2 | 173.00 | NOTE | |||
r-release-macos-x86_64 | 0.3.2 | 351.00 | NOTE | |||
r-release-windows-x86_64 | 0.3.2 | 17.00 | 299.00 | 316.00 | NOTE | |
r-oldrel-macos-arm64 | 0.3.2 | 118.00 | OK | |||
r-oldrel-macos-x86_64 | 0.3.2 | 194.00 | OK | |||
r-oldrel-windows-x86_64 | 0.3.2 | 25.00 | 389.00 | 414.00 | OK |
Version: 0.3.2
Check: DESCRIPTION meta-information
Result: NOTE
Missing dependency on R >= 4.1.0 because package code uses the pipe
|> or function shorthand \(...) syntax added in R 4.1.0.
File(s) using such syntax:
‘CRMetrics.R’ ‘CRMetrics.Rd’ ‘inner_functions.R’
Flavors: r-devel-linux-x86_64-debian-clang, r-devel-linux-x86_64-debian-gcc, r-devel-linux-x86_64-fedora-clang, r-devel-linux-x86_64-fedora-gcc, r-devel-windows-x86_64, r-patched-linux-x86_64, r-release-linux-x86_64, r-release-macos-arm64, r-release-windows-x86_64
Version: 0.3.2
Check: DESCRIPTION meta-information
Result: NOTE
Missing dependency on R >= 4.1.0 because package code uses the pipe
|> or function shorthand \(...) syntax added in R 4.1.0.
File(s) using such syntax:
‘CRMetrics.R’ ‘inner_functions.R’
Flavor: r-release-macos-x86_64