Last updated on 2025-07-20 08:49:33 CEST.
Flavor | Version | Tinstall | Tcheck | Ttotal | Status | Flags |
---|---|---|---|---|---|---|
r-devel-linux-x86_64-debian-clang | 6.0 | 10.67 | 72.02 | 82.69 | NOTE | |
r-devel-linux-x86_64-debian-gcc | 6.0 | 6.82 | 49.51 | 56.33 | NOTE | |
r-devel-linux-x86_64-fedora-clang | 6.0 | 126.48 | OK | |||
r-devel-linux-x86_64-fedora-gcc | 6.0 | 120.96 | OK | |||
r-devel-windows-x86_64 | 6.0 | 10.00 | 82.00 | 92.00 | OK | |
r-patched-linux-x86_64 | 6.0 | 9.59 | 66.34 | 75.93 | OK | |
r-release-linux-x86_64 | 6.0 | 9.71 | 65.54 | 75.25 | OK | |
r-release-macos-arm64 | 6.0 | 34.00 | OK | |||
r-release-macos-x86_64 | 6.0 | 64.00 | OK | |||
r-release-windows-x86_64 | 6.0 | 11.00 | 78.00 | 89.00 | OK | |
r-oldrel-macos-arm64 | 6.0 | 33.00 | OK | |||
r-oldrel-macos-x86_64 | 6.0 | 50.00 | OK | |||
r-oldrel-windows-x86_64 | 6.0 | 14.00 | 100.00 | 114.00 | OK |
Version: 6.0
Check: CRAN incoming feasibility
Result: NOTE
Maintainer: ‘Rosaria Lombardo <rosaria.lombardo@unicampania.it>’
No Authors@R field in DESCRIPTION.
Please add one, modifying
Authors@R: c(person(given = "Rosaria",
family = "Lombardo",
role = c("aut", "cre"),
email = "rosaria.lombardo@unicampania.it"),
person(given = c("Eric", "J"),
family = "Beh",
role = "aut"))
as necessary.
Flavors: r-devel-linux-x86_64-debian-clang, r-devel-linux-x86_64-debian-gcc