Last updated on 2025-07-20 08:49:33 CEST.
Flavor | Version | Tinstall | Tcheck | Ttotal | Status | Flags |
---|---|---|---|---|---|---|
r-devel-linux-x86_64-debian-clang | 1.0.0 | 8.71 | 74.03 | 82.74 | NOTE | |
r-devel-linux-x86_64-debian-gcc | 1.0.0 | 6.71 | 55.84 | 62.55 | NOTE | |
r-devel-linux-x86_64-fedora-clang | 1.0.0 | 136.22 | OK | |||
r-devel-linux-x86_64-fedora-gcc | 1.0.0 | 125.40 | OK | |||
r-devel-windows-x86_64 | 1.0.0 | 9.00 | 79.00 | 88.00 | NOTE | |
r-patched-linux-x86_64 | 1.0.0 | 6.68 | 68.88 | 75.56 | NOTE | |
r-release-linux-x86_64 | 1.0.0 | 7.64 | 67.99 | 75.63 | NOTE | |
r-release-macos-arm64 | 1.0.0 | 41.00 | OK | |||
r-release-macos-x86_64 | 1.0.0 | 92.00 | OK | |||
r-release-windows-x86_64 | 1.0.0 | 9.00 | 97.00 | 106.00 | NOTE | |
r-oldrel-macos-arm64 | 1.0.0 | 38.00 | OK | |||
r-oldrel-macos-x86_64 | 1.0.0 | 94.00 | OK | |||
r-oldrel-windows-x86_64 | 1.0.0 | 12.00 | 98.00 | 110.00 | OK |
Version: 1.0.0
Check: Rd cross-references
Result: NOTE
Found the following Rd file(s) with Rd \link{} targets missing package
anchors:
createBarPrior.Rd: fitCyclopsModel
createFastBarPrior.Rd: fitCyclopsModel
Please provide package anchors for all Rd \link{} targets not in the
package itself and the base packages.
Flavors: r-devel-linux-x86_64-debian-clang, r-devel-linux-x86_64-debian-gcc, r-devel-windows-x86_64, r-patched-linux-x86_64, r-release-linux-x86_64, r-release-windows-x86_64