Last updated on 2025-07-21 08:49:58 CEST.
Flavor | Version | Tinstall | Tcheck | Ttotal | Status | Flags |
---|---|---|---|---|---|---|
r-devel-linux-x86_64-debian-clang | 2.3 | 19.12 | 308.20 | 327.32 | NOTE | |
r-devel-linux-x86_64-debian-gcc | 2.3 | 14.42 | 167.45 | 181.87 | NOTE | |
r-devel-linux-x86_64-fedora-clang | 2.3 | 496.04 | OK | |||
r-devel-linux-x86_64-fedora-gcc | 2.3 | 405.80 | OK | |||
r-devel-windows-x86_64 | 2.3 | 19.00 | 221.00 | 240.00 | OK | |
r-patched-linux-x86_64 | 2.3 | 20.53 | 225.46 | 245.99 | OK | |
r-release-linux-x86_64 | 2.3 | 21.32 | 224.05 | 245.37 | OK | |
r-release-macos-arm64 | 2.3 | 32.00 | ERROR | |||
r-release-macos-x86_64 | 2.3 | 270.00 | OK | |||
r-release-windows-x86_64 | 2.3 | 18.00 | 231.00 | 249.00 | OK | |
r-oldrel-macos-arm64 | 2.3 | 117.00 | OK | |||
r-oldrel-macos-x86_64 | 2.3 | 287.00 | OK | |||
r-oldrel-windows-x86_64 | 2.3 | 22.00 | 293.00 | 315.00 | OK |
Version: 2.3
Check: CRAN incoming feasibility
Result: NOTE
Maintainer: ‘Mark Wappett <m.wappett@qub.ac.uk>’
No Authors@R field in DESCRIPTION.
Please add one, modifying
Authors@R: person(given = "Mark",
family = "Wappett",
role = c("aut", "cre"),
email = "m.wappett@qub.ac.uk")
as necessary.
Flavors: r-devel-linux-x86_64-debian-clang, r-devel-linux-x86_64-debian-gcc
Version: 2.3
Check: package dependencies
Result: ERROR
Package required but not available: ‘org.Hs.eg.db’
See section ‘The DESCRIPTION file’ in the ‘Writing R Extensions’
manual.
Flavor: r-release-macos-arm64