Last updated on 2025-07-20 08:49:33 CEST.
Flavor | Version | Tinstall | Tcheck | Ttotal | Status | Flags |
---|---|---|---|---|---|---|
r-devel-linux-x86_64-debian-clang | 1.10.6 | 2.98 | 34.34 | 37.32 | OK | |
r-devel-linux-x86_64-debian-gcc | 1.10.6 | 2.22 | 27.27 | 29.49 | OK | |
r-devel-linux-x86_64-fedora-clang | 10.5.0 | 59.80 | OK | |||
r-devel-linux-x86_64-fedora-gcc | 1.10.6 | 55.70 | OK | |||
r-devel-windows-x86_64 | 1.10.6 | 5.00 | 50.00 | 55.00 | OK | |
r-patched-linux-x86_64 | 1.10.6 | 2.68 | 31.89 | 34.57 | OK | |
r-release-linux-x86_64 | 1.10.6 | 2.45 | 32.01 | 34.46 | OK | |
r-release-macos-arm64 | 1.10.6 | 23.00 | OK | |||
r-release-macos-x86_64 | 10.5.0 | 59.00 | OK | |||
r-release-windows-x86_64 | 1.10.6 | 4.00 | 49.00 | 53.00 | OK | |
r-oldrel-macos-arm64 | 1.10.6 | 27.00 | NOTE | |||
r-oldrel-macos-x86_64 | 10.5.0 | 57.00 | NOTE | |||
r-oldrel-windows-x86_64 | 1.10.6 | 4.00 | 59.00 | 63.00 | NOTE |
Version: 1.10.6
Check: installed package size
Result: NOTE
installed size is 7.8Mb
sub-directories of 1Mb or more:
java 7.7Mb
Flavors: r-oldrel-macos-arm64, r-oldrel-windows-x86_64
Version: 1.10.6
Check: LazyData
Result: NOTE
'LazyData' is specified without a 'data' directory
Flavors: r-oldrel-macos-arm64, r-oldrel-windows-x86_64
Version: 10.5.0
Check: installed package size
Result: NOTE
installed size is 8.6Mb
sub-directories of 1Mb or more:
java 8.5Mb
Flavor: r-oldrel-macos-x86_64