Last updated on 2025-07-20 08:49:32 CEST.
Flavor | Version | Tinstall | Tcheck | Ttotal | Status | Flags |
---|---|---|---|---|---|---|
r-devel-linux-x86_64-debian-clang | 0.1.1 | 9.72 | 79.62 | 89.34 | NOTE | |
r-devel-linux-x86_64-debian-gcc | 0.1.1 | 6.10 | 55.75 | 61.85 | NOTE | |
r-devel-linux-x86_64-fedora-clang | 0.1.1 | 134.85 | OK | |||
r-devel-linux-x86_64-fedora-gcc | 0.1.1 | 143.05 | OK | |||
r-devel-windows-x86_64 | 0.1.1 | 10.00 | 81.00 | 91.00 | OK | |
r-patched-linux-x86_64 | 0.1.1 | 8.87 | 75.13 | 84.00 | OK | |
r-release-linux-x86_64 | 0.1.1 | 8.17 | 75.99 | 84.16 | OK | |
r-release-macos-arm64 | 0.1.1 | 55.00 | OK | |||
r-release-macos-x86_64 | 0.1.1 | 91.00 | OK | |||
r-release-windows-x86_64 | 0.1.1 | 9.00 | 82.00 | 91.00 | OK | |
r-oldrel-macos-arm64 | 0.1.1 | 38.00 | OK | |||
r-oldrel-macos-x86_64 | 0.1.1 | 57.00 | OK | |||
r-oldrel-windows-x86_64 | 0.1.1 | 12.00 | 105.00 | 117.00 | OK |
Version: 0.1.1
Check: CRAN incoming feasibility
Result: NOTE
Maintainer: ‘Achal Lama <achal.lama@icar.gov.in>’
No Authors@R field in DESCRIPTION.
Please add one, modifying
Authors@R: c(person(given = "Achal",
family = "Lama",
role = c("aut", "cre"),
email = "achal.lama@icar.gov.in"),
person(given = c("Girish", "K"),
family = "Jha",
role = "aut"),
person(given = c("K", "N"),
family = "Singh",
role = "aut"),
person(given = "Bishal",
family = "Gurung",
role = "aut"))
as necessary.
Flavors: r-devel-linux-x86_64-debian-clang, r-devel-linux-x86_64-debian-gcc