CRAN Package Check Results for Package BSGW

Last updated on 2025-07-20 08:49:33 CEST.

Flavor Version Tinstall Tcheck Ttotal Status Flags
r-devel-linux-x86_64-debian-clang 0.9.4 6.04 68.75 74.79 NOTE
r-devel-linux-x86_64-debian-gcc 0.9.4 4.78 50.77 55.55 NOTE
r-devel-linux-x86_64-fedora-clang 0.9.4 118.60 OK
r-devel-linux-x86_64-fedora-gcc 0.9.4 116.28 OK
r-devel-windows-x86_64 0.9.4 8.00 80.00 88.00 OK
r-patched-linux-x86_64 0.9.4 7.67 66.37 74.04 OK
r-release-linux-x86_64 0.9.4 7.00 65.78 72.78 OK
r-release-macos-arm64 0.9.4 36.00 OK
r-release-macos-x86_64 0.9.4 67.00 OK
r-release-windows-x86_64 0.9.4 8.00 80.00 88.00 OK
r-oldrel-macos-arm64 0.9.4 35.00 OK
r-oldrel-macos-x86_64 0.9.4 53.00 OK
r-oldrel-windows-x86_64 0.9.4 11.00 99.00 110.00 OK

Check Details

Version: 0.9.4
Check: CRAN incoming feasibility
Result: NOTE Maintainer: ‘Alireza S. Mahani <alireza.s.mahani@gmail.com>’ No Authors@R field in DESCRIPTION. Please add one, modifying Authors@R: c(person(given = c("Alireza", "S."), family = "Mahani", role = c("aut", "cre"), email = "alireza.s.mahani@gmail.com"), person(given = c("Mansour", "T.A."), family = "Sharabiani", role = "aut")) as necessary. Flavors: r-devel-linux-x86_64-debian-clang, r-devel-linux-x86_64-debian-gcc