CRAN Package Check Results for Package BE

Last updated on 2025-07-20 08:49:33 CEST.

Flavor Version Tinstall Tcheck Ttotal Status Flags
r-devel-linux-x86_64-debian-clang 0.2.4 2.56 25.14 27.70 NOTE
r-devel-linux-x86_64-debian-gcc 0.2.4 1.99 20.31 22.30 NOTE
r-devel-linux-x86_64-fedora-clang 0.2.4 45.02 OK
r-devel-linux-x86_64-fedora-gcc 0.2.4 44.23 OK
r-devel-windows-x86_64 0.2.4 3.00 50.00 53.00 OK
r-patched-linux-x86_64 0.2.4 2.22 23.59 25.81 OK
r-release-linux-x86_64 0.2.4 2.39 23.46 25.85 OK
r-release-macos-arm64 0.2.4 20.00 OK
r-release-macos-x86_64 0.2.4 28.00 OK
r-release-windows-x86_64 0.2.4 4.00 49.00 53.00 OK
r-oldrel-macos-arm64 0.2.4 18.00 OK
r-oldrel-macos-x86_64 0.2.4 28.00 OK
r-oldrel-windows-x86_64 0.2.4 5.00 55.00 60.00 OK

Check Details

Version: 0.2.4
Check: CRAN incoming feasibility
Result: NOTE Maintainer: ‘Kyun-Seop Bae <k@acr.kr>’ No Authors@R field in DESCRIPTION. Please add one, modifying Authors@R: person(given = "Kyun-Seop", family = "Bae", role = c("aut", "cre"), email = "k@acr.kr") as necessary. Flavors: r-devel-linux-x86_64-debian-clang, r-devel-linux-x86_64-debian-gcc