Last updated on 2025-07-20 20:48:20 CEST.
Flavor | Version | Tinstall | Tcheck | Ttotal | Status | Flags |
---|---|---|---|---|---|---|
r-devel-linux-x86_64-debian-clang | 0.1.1 | 17.92 | 42.61 | 60.53 | NOTE | |
r-devel-linux-x86_64-debian-gcc | 0.1.1 | 12.08 | 33.38 | 45.46 | NOTE | |
r-devel-linux-x86_64-fedora-clang | 0.1.1 | 108.33 | OK | |||
r-devel-linux-x86_64-fedora-gcc | 0.1.1 | 79.79 | OK | |||
r-devel-windows-x86_64 | 0.1.1 | 20.00 | 91.00 | 111.00 | OK | |
r-patched-linux-x86_64 | 0.1.1 | 16.22 | 40.71 | 56.93 | OK | |
r-release-linux-x86_64 | 0.1.1 | 17.00 | 41.24 | 58.24 | OK | |
r-release-macos-arm64 | 0.1.1 | 34.00 | OK | |||
r-release-macos-x86_64 | 0.1.1 | 111.00 | OK | |||
r-release-windows-x86_64 | 0.1.1 | 20.00 | 91.00 | 111.00 | OK | |
r-oldrel-macos-arm64 | 0.1.1 | 36.00 | OK | |||
r-oldrel-macos-x86_64 | 0.1.1 | 86.00 | OK | |||
r-oldrel-windows-x86_64 | 0.1.1 | 20.00 | 108.00 | 128.00 | OK |
Version: 0.1.1
Check: CRAN incoming feasibility
Result: NOTE
Maintainer: ‘Daewoo Pak <heavyrain.pak@gmail.com>’
No Authors@R field in DESCRIPTION.
Please add one, modifying
Authors@R: c(person(given = "Chenxi",
family = "Li",
role = "aut"),
person(given = "Daewoo",
family = "Pak",
role = c("aut", "cre"),
email = "heavyrain.pak@gmail.com"),
person(given = "David",
family = "Todem",
role = "aut"))
as necessary.
Flavors: r-devel-linux-x86_64-debian-clang, r-devel-linux-x86_64-debian-gcc